 Give y(103).
-57
Let d(f) = -304*f**2 + 6551*f + 11. Calculate d(22).
-3003
Let s(l) = -217*l**2 + 62553*l - 78651. Calculate s(287).
-13
Let u(c) = -10850*c - 140924. What is u(-13)?
126
Let w(b) = 83*b**2 + 582*b - 42. Determine w(-7).
-49
Let m(c) = -15448*c + 15308. Calculate m(1).
-140
Let k(z) = 235304*z + 2117761. Give k(-9).
25
Let x(d) = -3*d**2 + 23720*d - 142233. Determine x(6).
-21
Let z(l) = -42*l + 10363. Determine z(242).
199
Let z(d) = 2675*d - 197968. What is z(74)?
-18
Let q(a) = -174*a - 52900. Calculate q(-304).
-4
Let k(a) = -2567*a - 169266. Give k(-66).
156
Let x(n) = 2326488*n - 18611906. Calculate x(8).
-2
Let k(m) = -8922*m - 72261. Calculate k(-8).
-885
Let l(w) = 20*w**3 + 3779*w**2 - 191*w - 140. Give l(-189).
238
Let j(a) = -56615*a - 679288. Determine j(-12).
92
Let o(i) = 741*i**2 + 74*i - 74. Calculate o(1).
741
Let j(n) = -n**3 + 725*n**2 - 5020*n - 4290. What is j(718)?
18
Let z(i) = 437*i**3 + 1310*i**2 + 23*i + 73. Give z(-3).
-5
Let x(a) = -6*a**3 - 1123*a**2 - 148*a + 7299. Give x(-187).
6
Let j(y) = -y**3 + 522*y**2 - 2583*y - 1042. Determine j(517).
-8
Let x(a) = 161*a**2 + 527*a - 521. What is x(1)?
167
Let w(g) = 45804*g + 137422. Determine w(-3).
10
Let g(u) = u**2 + 3245*u - 372521. What is g(111)?
-5
Let a(j) = -16234*j - 5373446. Calculate a(-331).
8
Let z(t) = -4*t**2 - 144*t + 4166. What is z(19)?
-14
Let f(o) = 223*o - 6712. Calculate f(29).
-245
Let s(x) = -1803*x**2 + 5363*x + 150. Calculate s(3).
12
Let p(h) = -10209*h - 142913. Determine p(-14).
13
Let g(b) = 25*b**2 - 2060*b + 797. Determine g(82).
-23
Let z(h) = -h**3 - 123*h**2 - 190*h - 21384. Determine z(-123).
1986
Let h(c) = -8*c**3 - 134*c**2 - 127*c - 140. What is h(-16)?
356
Let p(d) = -122*d**3 - 11*d**2 - 16*d - 4. Give p(-1).
123
Let r(l) = 25*l**3 - 538*l**2 - 509*l - 7854. Calculate r(23).
12
Let b(q) = 3236*q + 747520. What is b(-231)?
4
Let t(k) = -8*k**2 - 5466*k - 1353. Give t(-683).
13
Let t(g) = 5*g**2 - 1002*g - 1102. Give t(202).
514
Let u(r) = r**3 + 11*r**2 + 3*r - 87. What is u(-5)?
48
Let g(c) = 319*c - 399703. What is g(1253)?
4
Let l(g) = 1259*g - 289580. Determine l(230).
-10
Let p(b) = -11*b**3 + 637*b**2 + 2069*b + 306. What is p(61)?
1
Let d(s) = 1959*s - 5313. Give d(3).
564
Let q(n) = -3323*n - 21273. Determine q(-6).
-1335
Let s(j) = -113*j**3 - 10*j**2 - 11*j - 11. Give s(-2).
875
Let u(g) = g**3 + 116*g**2 + 1259*g + 1108. Calculate u(-104).
-36
Let y(z) = 1215*z**3 + 784889*z**2 - 656*z - 6454. What is y(-646)?
6
Let i(v) = 2*v**2 - 9*v - 653. Determine i(27).
562
Let p(z) = 20*z**2 - 881*z + 265. Determine p(43).
-638
Let u(q) = 18*q**3 - 4*q**2 - 623*q + 5. Give u(6).
11
Let h(n) = 3*n**3 + 22*n**2 + 20*n + 83. Calculate h(-4).
163
Let x(q) = 46*q**2 + 358*q + 445. Give x(-6).
-47
Let v(x) = 22*x**3 + 203*x**2 + 19*x - 9. Calculate v(-9).
225
Let q(f) = -3*f - 495. What is q(-66)?
-297
Let j(y) = 601*y**3 + 67*y**2 - 55*y - 12. Calculate j(1).
601
Let g(m) = 40*m**3 + 1039*m**2 - 9*m + 452. Calculate g(-26).
10
Let g(h) = h**2 + 105*h + 1979. What is g(-24)?
35
Let u(w) = w**3 + 6817*w**2 + 40851*w + 2. Give u(-6).
92
Let n(s) = s**3 - 5*s**2 + 12*s - 39. Give n(10).
581
Let k(m) = 124*m**2 - 46*m + 137. Give k(3).
1115
Let z(v) = -811*v - 85146. Give z(-105).
9
Let o(h) = 28180*h - 366329. What is o(13)?
11
Let b(p) = -10*p**3 - 4*p**2 + 49*p + 257. Give b(-4).
637
Let j(f) = -f**3 - 164*f**2 + 2008*f + 7. Determine j(13).
-3802
Let z(h) = -6370*h - 853574. Calculate z(-134).
6
Let o(l) = l**3 + 551*l**2 + 44746*l - 103. Calculate o(-99).
95
Let v(c) = -c**3 + 11*c**2 + 673*c - 5444. What is v(8)?
132
Let x(u) = -67*u**2 - 274*u + 1108. What is x(4)?
-1060
Let p(z) = -477*z - 10312. What is p(-20)?
-772
Let g(y) = -y**3 - 2459*y - 40236. What is g(-15)?
24
Let l(h) = -h**2 + 1010*h + 21. Calculate l(0).
21
Let l(g) = 5*g**2 - 2111*g - 238963. Give l(515).
-3
Let f(r) = -19435*r - 13254673. Give f(-682).
-3
Let g(t) = 101*t**2 - 396*t - 7. What is g(4)?
25
Let w(i) = 125*i**2 + 41999*i - 172. What is w(-336)?
164
Let g(f) = -123039*f + 984307. Give g(8).
-5
Let n(s) = 284*s**2 - 10790*s - 75. Calculate n(38).
1
Let r(o) = o**3 - 20*o**2 + 55*o + 103. What is r(6)?
-71
Let y(q) = -40*q**2 + 19*q + 99. Determine y(-11).
-4950
Let l(p) = -3*p**2 - 282*p - 181. Calculate l(-85).
2114
Let z(u) = -1674*u + 97063. What is z(58)?
-29
Let f(v) = v**3 - 85*v**2 - 1972*v + 51. What is f(-19)?
-25
Let i(q) = 6*q**2 - 1104*q + 8514. Calculate i(8).
66
Let q(n) = -6*n**2 - 3376*n - 3377. Give q(-1).
-7
Let j(b) = -32*b**3 - 40*b**2 - 139*b - 65. What is j(-4)?
1899
Let j(m) = 132377*m - 1720972. Determine j(13).
-71
Let j(m) = -35*m**3 + 158*m**2 + 306*m - 16. Determine j(-2).
284
Let i(s) = -50*s**3 + 6647*s**2 + 387*s + 1597. Determine i(133).
1
Let k(c) = -c**3 + 10*c**2 - 1151*c + 7907. Calculate k(7).
-3
Let c(i) = 9985*i - 249625. What is c(25)?
0
Let k(d) = -36*d**2 - 50831*d + 103194. What is k(-1414)?
-28
Let d(t) = -650553*t - 2602213. Determine d(-4).
-1
Let j(f) = -234*f - 17843. Give j(-64).
-2867
Let l(u) = u**2 + 169*u - 2516. Calculate l(-190).
1474
Let m(g) = 1028*g - 768. Calculate m(2).
1288
Let i(y) = 2*y**2 - 11977*y + 155424. Calculate i(13).
61
Let t(k) = 917*k - 34723. Determine t(38).
123
Let k(w) = w**2 + 229752*w + 18144168. Determine k(-79).
1
Let v(s) = -311*s + 57237. Determine v(185).
-298
Let v(t) = -2*t**3 + 240*t**2 + 48*t - 5725. Calculate v(120).
35
Let j(v) = -47*v**2 + 29*v - 70. Calculate j(6).
-1588
Let z(o) = 205791*o + 4321606. What is z(-21)?
-5
Let a(m) = 7*m**2 - 107*m + 236. Determine a(0).
236
Let m(l) = -29686*l + 4037295. Give m(136).
-1
Let u(x) = 10*x**2 + 2684*x - 62623. Calculate u(-290).
17
Let k(s) = 17998*s**2 + 2339737*s - 384. What is k(-130)?
6
Let r(p) = 2*p**3 - 30*p**2 + 38*p + 203. Calculate r(13).
21
Let p(w) = -9*w**3 - 2846*w**2 - 633*w - 190. What is p(-316)?
126
Let j(s) = -110494*s - 56020455. Give j(-507).
3
Let t(f) = -184*f + 12899. What is t(71)?
-165
Let t(q) = -q**3 + 10*q**2 - 1374*q + 13596. Calculate t(10).
-144
Let v(h) = -5956*h + 17791. What is v(3)?
-77
Let j(c) = -65889*c - 592995. Give j(-9).
6
Let c(f) = -197*f + 20001. Determine c(99).
498
Let n(r) = 9016*r + 216398. Calculate n(-24).
14
Let r(u) = -u**2 - 85*u + 228. Calculate r(-80).
628
Let g(k) = -2512*k + 13475. Determine g(5).
915
Let s(k) = -k**2 - 59*k + 5342. What is s(49)?
50
Let g(i) = -6*i**3 + 360*i**2 + 13*i - 739. Determine g(60).
41
Let b(m) = m**2 - 32*m + 14. Calculate b(42).
434
Let y(g) = g**3 - 369*g**2 - 17259*g + 98. Give y(-42).
-28
Let q(f) = -81242*f**2 + 4*f - 9. Give q(0).
-9
Let a(z) = -z**3 - 166*z**2 - 1193*z - 12678. Give a(-159).
42
Let v(q) = -169*q + 15588. Give v(94).
-298
Let o(m) = 15*m**3 + 159*m**2 + 158*m + 12. Determine o(-10).
-668
Let c(b) = 3506*b - 2545391. Give c(726).
-35
Let y(i) = -2*i**3 + 189*i**2 - 1281*i - 6115. What is y(11)?
1
Let g(z) = -z**3 - 18*z**2 + 180*z + 196. Calculate g(-25).
71
Let n(o) = -145*o**2 + 23613*o + 121695. Determine n(-5).
5
Let q(x) = -475*x**2 - 4454*x + 2964. Determine q(-10).
4
Let u(t) = -3*t**2 + 2494*t + 853937. Calculate u(1092).
-7
Let l(n) = 58*n**2 - 10312*n + 18289. What is l(176)?
-15
Let c(s) = 181*s + 873. What is c(-10)?
-937
Let t(y) = -4*y**2 - 117*y + 2400. Give t(19).
-1267
Let b(g) = g**3 - 10*g**2 - 841*g - 1187. Determine b(35).
3
Let m(d) = -3*d**2 + 1352*d - 66307. What is m(56)?
-3
Let k(v) = -v**3 - 108*v**2 - 2014*v + 5077. What is k(-83)?
14
Let n(x) = x**3 + 10*x**2 - 728*x - 3655. Calculate n(-5).
110
Let b(q) = 73165*q - 1317059. Give b(18).
-89
Let s(n) = 9126*n - 63294. Give s(7).
588
Let u(q) = -16*q**2 + 3713*q - 11187. Give u(229).
34
Let k(c) = -74259*c + 1188211. Give k(16).
67
Let v(q) = -2*q**3 - 108*q**2 - 1404*q + 86. Calculate v(-32).
-42
Let m(v) = -31*v**2 - 363*v - 534. What is m(-10)?
-4
Let w(f) = -f**3 + 60*f**2 - 11*f + 414. Determine w(60).
-246
Let r(i) = 2*i**3 - 50*i**2 + 359*i - 3137. What is r(20)?
43
Let v(o) = 1788*o + 1804. Give v(-1).
16
Let i(p) = -p**3 + 29*p**2 - 164*p - 280. Calculate i(15).
410
Let l(f) = -323*f**2 - 22933*f - 9. What is l(-71)?
-9
Let w(o) = -2*o**3 - 226*o**2 + 269*o + 2128. Give w(-114).
-2546
Let o(z) = -2921*z